*r + z*r + 10. What are the prime factors of (1/r)/((-2)/(-52))?
13
Let w(q) = -q + 11. Let x be w(12). Let n be x/(-5) - (-1536)/20. Suppose 4*c - n = 23. List the prime factors of c.
5
Suppose v - 3*t = 17, 0 = -2*v - 5*t - 4 - 6. Suppose 0 = h - 0*h - v. Suppose 2*a + h = 3*a. List the prime factors of a.
5
What are the prime factors of 1 - 1/(9280/9285 + -1)?
2, 929
Let d be 6*(20/8)/(-5). Let w be -5 + (0/3 - d). List the prime factors of (2/(-3))/(w/51).
17
Suppose u - 10 = -4*j, 4*u + 0*j - 40 = -5*j. Suppose u*h = 5*h. Suppose -3*c - c + 140 = h. List the prime factors of c.
5, 7
Let g be (-68)/(-20) + (-4)/10. Suppose -2*f - 3*f + 27 = -4*b, g*f = 2*b + 15. Suppose 90 = f*w + 2*w. List the prime factors of w.
2, 3
Let v(l) = -26*l**2 + 2*l + 1. Let t be v(-1). Let o = t - -26. Let a = 62 - o. What are the prime factors of a?
3, 7
Suppose 26*n = 28*n + 12. What are the prime factors of (154/(-5))/(n/15)?
7, 11
Let q(r) = -r**2 - 15*r + 10. Suppose 6*j - 7*j = -4. Suppose j*n - p = -51, 3*p - 15 = 6*p. List the prime factors of q(n).
2, 3
Suppose 4*k + 59 = 2*q - 5, -q = 5*k + 87. Let y = k - -48. What are the prime factors of y?
31
Let y = 933 + -310. Suppose -4*q + 771 = q - 4*v, -4*q - 3*v = -y. What are the prime factors of q?
5, 31
Let v(r) = 7*r - 1. Let c be v(3). Suppose c = -y + 6*y. Suppose -k - y*k - 3*m = -104, 4*k = -m + 79. What are the prime factors of k?
19
Let p = 18 - 5. Suppose -b + p + 39 = 0. Let c = b + -15. List the prime factors of c.
37
Suppose 140 = 5*f - 5*r, 0 = r - 0 + 2. Let n be (13/f)/(2/144). Let q = -12 + n. List the prime factors of q.
2, 3
Let m be 36/24 + (-718)/(-4). Suppose j - 5*f = -f + m, 670 = 4*j + 2*f. Suppose j = 4*o - 99. What are the prime factors of o?
67
Let j(c) = 197*c**2 - 8*c - 36. What are the prime factors of j(-3)?
3, 587
Let b(h) be the second derivative of 5*h**3/6 + 5*h**2/2 + 63*h. Let y(f) = f**2 - 5*f - 9. Let r be y(7). What are the prime factors of b(r)?
2, 3, 5
Let w be (-12)/(-20) + (-18)/5 - -540. Let p = -278 + w. What are the prime factors of p?
7, 37
Let c(q) = 3*q**2 - 3*q + 80. What are the prime factors of c(13)?
2, 137
Suppose -5*x + 906 = 4*f, -x + f + 547 = 2*x. What are the prime factors of x?
2, 7, 13
Let d = 6480 - 4270. List the prime factors of d.
2, 5, 13, 17
Let z(r) = -8*r - 19. Let u(y) = -y. Let v(o) = -3*u(o) + z(o). What are the prime factors of v(-11)?
2, 3
Suppose -2*q + 5*s - 14 = -44, 4*q = 3*s + 32. Let l = 214 - 49. Suppose 10*f - l = q*f. List the prime factors of f.
3, 11
Let x(h) = 5*h**2 - 7*h + 9. Let i be x(2). Suppose 12*j = i*j - 18. What are the prime factors of j?
2, 3
Suppose 6*r = 26 - 2. Suppose v - 3*p - 11 = -p, r*v = 3*p + 29. Suppose 5*x - 2*h - 220 = -3*h, -25 = -v*h. List the prime factors of x.
43
Let h(l) = 14*l**2 - 12*l + 41. Let b(j) = -5*j**2 + 4*j - 14. Let c(y) = -17*b(y) - 6*h(y). Let v be c(-4). What are the prime factors of 1881/44 + (-2)/v?
43
Suppose -5*z - 3*h = -960 - 6805, z - 1551 = -h. List the prime factors of z.
2, 389
Let g be (3598/10)/(-7) - 2/(-5). Let u = g - -272. List the prime factors of u.
13, 17
Let h = 11 + -9. Suppose 0 = h*p - 6*p + 272. What are the prime factors of p?
2, 17
Suppose 0 = 2*h + 3*r - 1292 - 219, -h = 4*r - 748. Suppose 3*p + 5*p = h. What are the prime factors of p?
5, 19
What are the prime factors of 6 + (666792/192 - 2/(-16))?
7, 71
Let x(y) = 105*y - 3. Let o(p) = 52*p - 1. Let g(u) = -5*o(u) + 2*x(u). What are the prime factors of g(-2)?
3, 11
Let q(x) = -5*x**3 - 3*x**2 - 3*x - 2. Let a(i) = -i + 3. Suppose 10 = 3*b + 5*v, 5*b + 0*v = -3*v + 22. Let u be a(b). What are the prime factors of q(u)?
2
Suppose 19*l - 23*l + 28 = 0. Suppose 0 = -l*d + 4*d. Suppose d = 4*j - 5*j + 83. What are the prime factors of j?
83
Suppose d - 869 = -w + 5*w, -2*w + 8 = 0. List the prime factors of d.
3, 5, 59
Suppose 1411 + 983 = 2*h - 4*f, -5*h = -f - 5940. List the prime factors of h.
1187
Suppose -4*q = 20 - 12. What are the prime factors of (1*3/(-9))/(q/666)?
3, 37
Let v(b) = b**3 + 16*b**2 - 20*b - 1. Let q be v(-17). Let p = q - 11. What are the prime factors of p?
3, 13
Let h(y) = -y**3 + 4*y**2 - 3*y. Let a be h(2). Suppose 0 = a*k + l - 84, -3*k + 2*l = 2*k - 192. What are the prime factors of k?
2, 5
Let w(b) = 44*b**2 + b + 9. What are the prime factors of w(-3)?
2, 3, 67
Let n(b) = 33*b**2 + 14*b + 11. What are the prime factors of n(-2)?
5, 23
Let i(t) = 4 - 2*t - 8*t - 3. Let x be i(-1). Let r = 23 - x. What are the prime factors of r?
2, 3
Suppose -4*r - r + 120 = 0. Suppose 2*o - 14 = d - 2*o, 2*d + 5*o - r = 0. List the prime factors of d.
2
What are the prime factors of (-15)/(-45) + (-2)/((-12)/21154)?
2, 41, 43
List the prime factors of (-184)/(-10) - 48/(-80).
19
Suppose 5*p + 4*l - 1143 = 3430, -4*l = -4*p + 3680. List the prime factors of p.
7, 131
Let v(x) = 159*x + 590. List the prime factors of v(10).
2, 5, 109
Let a(s) = 2*s - 14. Let g be a(8). Suppose 254 = g*d - 3*r + 93, -3*r = 5*d - 371. What are the prime factors of d?
2, 19
Suppose -4*z + 4 = 4*q - 2*z, 0 = -5*z. Let g(y) = 101*y**2 - y + 1. Let n be g(q). Suppose n = 4*l + 13. What are the prime factors of l?
2, 11
Let y = 9 - 5. Suppose 6 = -y*m + 2*m. Let i = 29 + m. List the prime factors of i.
2, 13
Let z(r) = 3*r**2 + 7*r + 17. Let o = -50 - -46. List the prime factors of z(o).
37
Suppose 4*z + x - 475 = 117, 0 = -2*z - 2*x + 296. What are the prime factors of z?
2, 37
Suppose 3*f + 6 = 3*h, -2*h + f + 0 = -8. Suppose 2*i - 65 + h = u, 4*i = 3*u + 117. List the prime factors of i.
2, 3, 5
Let d = 157 - 149. List the prime factors of 30/d*(-144)/(-27).
2, 5
Let p = 244 - 131. Suppose -p = -5*x + 2. List the prime factors of x.
23
Let r be (-8)/(-12) - (-3)/9. Let j = 2 + r. Let l(m) = m**2 - m + 4. List the prime factors of l(j).
2, 5
What are the prime factors of -1*2 + 1800/25?
2, 5, 7
Suppose -3*r - r + 5*j = 78, 0 = -4*r - 4*j - 60. What are the prime factors of r + 16 - (-44 + -1)?
2, 11
Let x = 890 - 714. What are the prime factors of x?
2, 11
Suppose 330 = 2*h + 4*t, 0*h - 2*t = -2*h + 306. Suppose -43 = d - h. What are the prime factors of d?
2, 3, 19
Let c(d) = -36*d - 76. List the prime factors of c(-18).
2, 11, 13
Suppose -2*a + 420 = -56. What are the prime factors of a?
2, 7, 17
What are the prime factors of -3 - (-57)/21 - 3943/(-7)?
563
Suppose 0 = -4*t + 5*o - 2*o + 269, 0 = 5*t - 4*o - 335. Suppose 2*m - t = 285. List the prime factors of m.
2, 89
Suppose 0 = 2*y - 3*t + 227, -3*t + 4*t - 5 = 0. Let v = y + 257. What are the prime factors of v?
151
Suppose -9*j = -j - 5464. Suppose 4*q + 5 = -4*i + 689, -4*q - 5*i + j = 0. What are the prime factors of q?
2, 43
Suppose 2*u + 88 = 3*m, 4*m - 3*m = 2*u + 28. Suppose -2*o - m = -3*r + 65, 2*r = 3*o + 70. List the prime factors of r.
29
List the prime factors of (-19)/((-152)/(-48)) - -700.
2, 347
Let z = 128 + -53. Let t = 302 - z. List the prime factors of t.
227
Suppose 206 = -8*v + 1518. Suppose 2*r - 3*n - v = r, -r + 161 = -4*n. List the prime factors of r.
173
Suppose -4*m - 4 + 16 = 0. Suppose 0 = m*c + t - 753, 0*t + 1265 = 5*c + 5*t. List the prime factors of c.
2, 5
Let j(s) = s**2 + 2*s - 11. Let h(m) = 3*m**2 + 4*m - 21. Let i(u) = 2*h(u) - 5*j(u). List the prime factors of i(10).
3, 31
Suppose -18*c = 10*c - 5096. List the prime factors of c.
2, 7, 13
Let l(j) = -j + 154. Let c(u) = -u**2 + 7*u + 44. Let n be c(11). List the prime factors of l(n).
2, 7, 11
Let w(c) = 51*c**2 - 130*c + 5. List the prime factors of w(-7).
2, 3, 569
Suppose -33 = a + 241. List the prime factors of a/(-3) - (-2)/3.
2, 23
Let o be 5*8/180 - (-4)/(-18). Let n be (4 - 3/1)*-10. What are the prime factors of n - -9 - (-12 + o)?
11
Let w be (-6)/(-9)*2/4*6. Suppose 4*i - w*o = o + 167, 160 = 4*i + 4*o. What are the prime factors of i?
41
Let t = -1625 - -7030. What are the prime factors of t?
5, 23, 47
What are the prime factors of (-454)/4*2*(17 - 18)?
227
Let j be 4/(-10) + 54/(-15). Suppose 4*u - 148 = -52. Let o = u - j. What are the prime factors of o?
2, 7
Let v = 2603 - 266. List the prime factors of v.
3, 19, 41
Let y = 1587 + -886. Let j = y - 405. List the prime factors of j.
2, 37
Let n = 24 + -24. Suppose n*v + 2*v = 122. List the p